 u(a) = -3*a**3 - 7*a + 5. Give u(4).
-215
Let c(v) = 8*v + 19. What is c(-6)?
-29
Let w(d) = d**3 + 26*d**2 + d + 24. Calculate w(-26).
-2
Let z(q) = -q**3 + 9*q**2 - 10*q - 12. Give z(8).
-28
Let i(r) = r**2 - r + 1. Give i(0).
1
Let i(g) = -6*g**2 - g - 12. What is i(-5)?
-157
Let x(m) = -m**2 + 6*m - 5. Give x(8).
-21
Let b(g) = g**2 + 19. What is b(0)?
19
Let c(h) = -h**2 - 12*h + 30. What is c(-14)?
2
Let r(g) = -6*g + 13. Calculate r(3).
-5
Let n(x) = x**2 - 7*x - 5. What is n(6)?
-11
Let u(m) = -2*m**3 - 15*m**2 - 6*m + 70. Calculate u(-6).
-2
Let o(z) = -z**3 - 7*z**2 - 5*z + 11. Determine o(-5).
-14
Let x(q) = q**3 - 12*q**2 + 14*q + 56. Determine x(10).
-4
Let w(c) = c**3 + 11*c**2 + 3*c + 13. What is w(-11)?
-20
Let r(i) = 26*i - 287. Calculate r(11).
-1
Let a(p) = -p**3 + 3*p**2 - 3*p + 5. What is a(2)?
3
Let s(q) = -q**3 + q**2 - q + 7. Give s(0).
7
Let b(a) = -a**3 - 33*a**2 + 107*a - 16. Calculate b(-36).
20
Let t(a) = -a**3 + 9*a**2 - 9*a - 6. Calculate t(7).
29
Let u(f) = 8*f**3 + 2*f**2 - 1. Determine u(-1).
-7
Let r(g) = -2*g - 55. Determine r(-21).
-13
Let k(f) = -12*f + 304. Calculate k(25).
4
Let n(q) = -q**3 - 4*q**2 + 17*q + 34. What is n(-6)?
4
Let l(o) = -o**3 + 6*o**2 - 3*o - 4. What is l(4)?
16
Let v(n) = -n**3 - 9*n**2 + 11*n + 7. Determine v(-11).
128
Let c(s) = -s**2 - 15*s - 18. Calculate c(-10).
32
Let n(z) = 3*z + 11. Determine n(-6).
-7
Let b(y) = 16*y**2 + 3. What is b(1)?
19
Let q(j) = -3*j - 71. Calculate q(-24).
1
Let p(t) = 4*t - 23. Determine p(19).
53
Let i(s) = -s**3 + 11*s**2 + 14*s - 27. Determine i(12).
-3
Let y(z) = -z**3 + 5*z**2 + 5*z + 4. What is y(6)?
-2
Let j(g) = 10*g + 5. Determine j(3).
35
Let k(h) = h**2 + 31*h + 60. What is k(-29)?
2
Let h(a) = a**2 - 9*a - 6. Give h(4).
-26
Let h(c) = 3*c**2 + 4*c - 3. Calculate h(4).
61
Let j(w) = w**3 - 36*w**2 - 40*w + 95. Give j(37).
-16
Let x(a) = a**2 - a + 2. Calculate x(-4).
22
Let f(r) = r**3 + 25*r**2 - 28*r - 48. What is f(-26)?
4
Let s(i) = -4*i + 5. Give s(8).
-27
Let j(v) = -v**3 - 6*v**2 - 6*v - 51. Give j(-6).
-15
Let d(b) = 2*b**3 - 28*b**2 + 28*b - 12. Calculate d(13).
14
Let c(k) = -k**3 - 7*k**2 - 2*k + 5. Give c(-7).
19
Let a(b) = b**2 - 4*b + 14. What is a(6)?
26
Let k(y) = 3*y + 58. Give k(-20).
-2
Let n(d) = -9*d + 35. Determine n(3).
8
Let h(u) = -6*u**2 + 25*u - 26. Determine h(1).
-7
Let a(z) = -2*z**2 + 28*z - 11. Calculate a(12).
37
Let i(b) = -b**3 + 8*b**2 - 3*b + 9. Give i(8).
-15
Let k(j) = j**3 - 39*j**2 + 38*j + 1. Give k(38).
1
Let d(a) = -13*a - 1. Give d(3).
-40
Let r(l) = l**2 + 10*l + 9. Calculate r(-6).
-15
Let a(w) = 7*w - 12. What is a(-11)?
-89
Let n(l) = -2*l - 67. Calculate n(-11).
-45
Let i(d) = d**2 - 111*d + 731. What is i(7)?
3
Let q(z) = 2*z**3 + 7*z**2 - 13*z - 25. Give q(-5).
-35
Let u(p) = -p**3 - 5*p**2 - p + 2. Determine u(-5).
7
Let o(u) = 2*u**2 + 27*u + 45. Calculate o(-9).
-36
Let y(s) = s**3 - 7*s**2 + 12*s - 9. Determine y(5).
1
Let f(m) = 26*m**2 - 3*m + 4. Determine f(1).
27
Let v(f) = -2*f**2 + 12*f - 1. Determine v(9).
-55
Let l(o) = 2*o**2 + 7*o - 9. What is l(1)?
0
Let d(c) = -3*c**3 - 9*c**2 - 6*c - 12. Calculate d(-3).
6
Let m(a) = -a**3 + 7*a**2 - 10*a - 3. Determine m(6).
-27
Let c(f) = -f**3 + 23*f**2 + 78*f + 10. Give c(26).
10
Let y(w) = -2*w**2 - 71*w + 108. Calculate y(-37).
-3
Let l(z) = z**2 - 2*z - 16. Calculate l(11).
83
Let m(b) = -b**3 - 19*b**2 + 2*b + 24. Give m(-19).
-14
Let y(x) = 6*x**2 - 78*x + 10. What is y(13)?
10
Let d(b) = -b**3 - 16*b**2 + 15*b - 34. Determine d(-17).
0
Let k(f) = 23*f - 3. Determine k(2).
43
Let h(v) = -20*v**3 - 10*v + 11. Give h(1).
-19
Let s(u) = -u**2 - 13*u + 28. Determine s(-15).
-2
Let n(a) = -a**2 - 18*a + 37. Give n(-18).
37
Let k(b) = b**3 - 7*b**2 - 19*b + 4. Give k(9).
-5
Let c(h) = h**2 - 39*h + 113. What is c(36)?
5
Let w(l) = l**3 + 3*l**2 - 4. What is w(-5)?
-54
Let i(a) = -2*a - 25. Give i(6).
-37
Let f(r) = -r - 26. Determine f(11).
-37
Let c(n) = -n**2 - 15*n + 18. Calculate c(-17).
-16
Let y(l) = l**3 - 2*l**2 - 6*l + 1. Calculate y(5).
46
Let c(a) = a**2 + a + 1. What is c(-3)?
7
Let s(d) = d**2 + 35*d + 91. Determine s(-32).
-5
Let t(a) = -109*a + 204. Give t(2).
-14
Let h(q) = q**3 - 2*q**2 + q + 2. Give h(2).
4
Let c(g) = -27*g + 218. Determine c(8).
2
Let u(a) = a**3 + 5*a**2 + 3*a + 15. Give u(-5).
0
Let r(y) = -2*y**3 - 20*y**2 + 2. What is r(-10)?
2
Let a(h) = -2*h**2 + 23*h + 5. What is a(11)?
16
Let o(u) = 11*u - 119. What is o(10)?
-9
Let b(v) = -v**2 - 46*v - 485. Calculate b(-16).
-5
Let w(b) = b**2 + 3*b + 3. Calculate w(-2).
1
Let g(i) = -6*i + 6. Determine g(0).
6
Let h(m) = -m**2 + 2*m. What is h(-7)?
-63
Let t(n) = 3*n - 3. Calculate t(4).
9
Let s(m) = -m**3 + 15*m**2 - 25*m - 8. Determine s(13).
5
Let z(h) = -h**3 - 15*h**2 + 18*h + 5. Determine z(-16).
-27
Let p(x) = -9*x - 144. Give p(-17).
9
Let q(w) = -w**3 - 13*w**2 + 13*w - 59. Determine q(-14).
-45
Let y(l) = -l**3 - 7*l**2 - l - 3. Determine y(-7).
4
Let v(g) = g**3 - 5*g**2 + 5*g - 4. Calculate v(4).
0
Let t(f) = -f**3 + 12*f**2 + f - 16. What is t(12)?
-4
Let h(c) = -5*c**2 + 6. Calculate h(2).
-14
Let m(i) = i**2 + 16*i + 13. Give m(-10).
-47
Let v(c) = 3*c - 151. What is v(50)?
-1
Let w(n) = -3*n + 62. What is w(17)?
11
Let x(p) = -3*p + 2. What is x(-8)?
26
Let c(x) = -14*x - 91. Give c(-8).
21
Let i(p) = -p - 3. Give i(9).
-12
Let d(x) = -2*x**2 + 6*x - 122. Calculate d(0).
-122
Let n(x) = -26*x + 5. Give n(4).
-99
Let i(w) = 3*w + 5. Calculate i(-4).
-7
Let f(s) = -10*s + 93. Calculate f(10).
-7
Let u(c) = 27*c**2 - 3*c - 1. What is u(-1)?
29
Let m(h) = -32*h**2 - 159*h - 2. Calculate m(-5).
-7
Let w(n) = -4*n + 27. Determine w(20).
-53
Let t(b) = -4*b + 8. What is t(1)?
4
Let l(m) = 2*m + 7. Give l(-5).
-3
Let o(n) = n**3 - 28*n**2 - 60*n + 10. What is o(30)?
10
Let r(s) = 56*s**2 - 3*s + 1. Calculate r(1).
54
Let s(k) = -58*k + 408. Determine s(7).
2
Let j(k) = k**2 - 97*k + 275. What is j(3)?
-7
Let z(d) = -3*d**3 - 21*d**2 - 5. Give z(-7).
-5
Let g(c) = -c**2 + 9*c - 2. Calculate g(9).
-2
Let j(i) = -13*i - 40. What is j(5)?
-105
Let o(x) = -2*x**2 - 2*x + 4. Calculate o(2).
-8
Let k(t) = t**3 + 4*t**2 - t. Determine k(-3).
12
Let x(c) = -c**2 - 8*c - 5. What is x(-9)?
-14
Let s(b) = -71*b - 9. What is s(-1)?
62
Let s(u) = u**3 + 4*u**2 - 7*u - 6. Calculate s(-4).
22
Let f(v) = v**2 - 2*v - 7. Determine f(4).
1
Let z(s) = -42*s + 122. Give z(3).
-4
Let a(t) = -t**2 - 26*t - 26. Give a(-25).
-1
Let k(x) = x**3 - 6*x**2 + 7*x + 2. Give k(6).
44
Let h(q) = -q**2 - 52*q + 219. What is h(-56)?
-5
Let s(z) = -z**2 + 24*z - 29. Calculate s(23).
-6
Let p(w) = w**2 + 2*w - 10. Determine p(-4).
-2
Let b(l) = -l**3 - l**2 + 6*l - 7. Give b(5).
-127
Let w(f) = 14*f + 44. Determine w(-6).
-40
Let s(d) = -13*d - 3. Determine s(-2).
23
Let n(r) = -2*r**2 + 4*r + 1. What is n(3)?
-5
Let y(j) = -j**3 - 12*j**2 + 15*j + 10. Calculate y(-13).
-16
Let c(o) = -o - 25. Calculate c(10).
-35
Let j(b) = 4*b - 52. What is j(14)?
4
Let z(d) = -23*d + 5. Calculate z(3).
-64
Let l(s) = -10*s - 6. Calculate l(-4).
34
Let y(a) = a**3 + 2*a**2 + 3*a - 22. Calculate y(0).
-22
Let f(o) = 10*o - 56. Give f(6).
4
Let o(s) = s**3 + 8*s**2 - 7*s - 6. What is o(-9)?
-24
Let k(h) = h - 3. Determine k(-4).
-7
Let d(l) = -33*l - 2. Give d(-1).
31
Let t(i) = i**2 + 6*i + 10. What is t(-5)?
5
Let p(h) = 7*h + 44. What is p(-5)?
9
Let n(z) = z**3 - 19*z**2 - z + 37. Determine n(19).
18
Let r(i) = i**2 + 8*i - 182. Calculate r(-18).
-2
Let t(i) = i**2 + 12*i - 21. Determine t(-14).
7
Let t(o) = -2*o**2 + 18*o + 74. Give t(13).
-30
Let m(i) = -2*i**3 - 12*i**2 - 3*i - 15. What is m(-6)?
3
Let g(v) = -v**2 - 15*v. What is g(-15)?
0
Let z(g) = g**2 - 3*g + 2. What is z(3)?
2
Let l(i) = i**3 + 3*i**2 - 6*i - 12. Determine l(-4).
-4
Let k(x) = -15*x - 52. Calculate k(-6).
38
Let w(t) = t**3 + 17*t**2 + t + 8. Calculate w(-17).
-9
Let u(d) = -2*d**3 + 13*d**2 + 13*d - 3. Give u(7).
39
Let h(s) = s**2 + 41*s + 296. Give h(-32).
8
Let t(o) = -o**3 - 6*o**2 + 5*o - 12. What is t(-6)?
-42
Let k(x) = 6*x - 4. What is k(7)?
38
Let m(c) = 28*c + 1. Give m(1).
29
Let m(s) = 3*s**2 + 61*s + 286. Determine m(-13).
0
Let r(f) = 9*f + 4. Determine r(1).
13
Let i(j) = j + 4. Determine i(8).
12
